 18*p**2 - 12*p - 9. Give m(9).
-117
Let x(y) = -y**2 + y + 29. What is x(6)?
-1
Let w(f) = -f**3 - 10*f**2 - 9*f - 5. Determine w(-9).
-5
Let w(l) = l - 33. Calculate w(39).
6
Let o(i) = i**3 + 25*i**2 - 56*i - 76. Give o(-27).
-22
Let o(r) = 39*r - 1217. Give o(31).
-8
Let o(g) = -g**3 - 12*g**2 - 9*g + 16. What is o(-11)?
-6
Let m(j) = 14*j**3 - 2*j - 1. Determine m(-1).
-13
Let v(a) = -6*a - 4. Give v(9).
-58
Let q(m) = -m + 14. Give q(-4).
18
Let l(f) = f**3 + f**2 - 11*f. Calculate l(-5).
-45
Let u(v) = -8*v - 5. Calculate u(-12).
91
Let r(f) = 3*f**2 - 4*f + 4. What is r(1)?
3
Let q(b) = -b**2 + 7*b + 31. Give q(-4).
-13
Let s(v) = -v**3 - 3*v**2 - 4*v - 4. What is s(-2)?
0
Let p(w) = -w**2 + 5*w + 11. Determine p(6).
5
Let j(t) = t**2 + 13*t + 5. What is j(-10)?
-25
Let n(m) = 2*m**2 - 10*m + 9. What is n(7)?
37
Let f(h) = -h**3 - 8*h**2 + 3*h + 11. What is f(-9)?
65
Let c(y) = y**3 - 5*y**2 + 3*y + 3. What is c(3)?
-6
Let j(d) = d**3 + 7*d**2 - 8*d + 8. Determine j(-8).
8
Let h(y) = -y**2 - 8*y - 5. What is h(-3)?
10
Let n(z) = z + 5. What is n(-15)?
-10
Let s(z) = -3*z**3 + z**2 + z. Calculate s(-1).
3
Let w(j) = j**3 + 30*j**2 - 31*j - 5. Calculate w(-31).
-5
Let w(i) = -i**2 - 14*i + 5. What is w(-12)?
29
Let p(t) = -2*t**3 - 3*t**2 + 9*t + 2. Calculate p(-5).
132
Let n(z) = -z**3 + 12*z**2 + z - 3. Calculate n(12).
9
Let p(y) = 36*y + 5. Give p(-2).
-67
Let o(i) = 12*i - 14. Give o(-3).
-50
Let h(f) = 92*f**3 - 2*f**2 - 5*f - 3. Calculate h(-1).
-92
Let a(y) = y**3 + 13*y**2 - 17*y - 7. What is a(-14)?
35
Let h(t) = -t**2 - 13*t + 11. What is h(-16)?
-37
Let w(n) = 38*n + 16. Calculate w(-1).
-22
Let g(d) = d**2 + 12*d - 32. Determine g(-15).
13
Let x(s) = 9*s - 102. Give x(12).
6
Let a(f) = -35*f + 47. Give a(2).
-23
Let p(r) = -r**3 + 20*r**2 + 28*r - 141. Determine p(21).
6
Let i(m) = -2*m + 2. Calculate i(-7).
16
Let t(k) = k**2 + 6*k - 5. What is t(-6)?
-5
Let w(b) = -b**3 + 14*b**2 - 48*b - 9. What is w(7)?
-2
Let m(k) = -4*k**2 - 2*k + 6. Calculate m(-4).
-50
Let t(p) = -p - 28. What is t(-15)?
-13
Let m(c) = c - 90. Give m(-10).
-100
Let i(a) = -3*a**3 + a**2 + 2*a - 4. Determine i(2).
-20
Let u(w) = 2*w**3 - w - 5. Determine u(4).
119
Let h(r) = 6*r - 12. Give h(13).
66
Let z(g) = -3*g - 20. Determine z(3).
-29
Let l(w) = -w**2 - 9*w + 58. What is l(-13)?
6
Let d(i) = -i**2 + 15*i + 62. Give d(18).
8
Let f(b) = b**3 - 8*b**2 - 23*b + 29. Determine f(10).
-1
Let k(z) = z**3 - 2*z**2 - 3*z - 5. What is k(-2)?
-15
Let w(b) = -b + 11. What is w(-1)?
12
Let m(j) = 5*j - 12. Calculate m(4).
8
Let r(c) = 8*c + 11. Give r(-7).
-45
Let w(s) = s**2 + 21*s + 48. Determine w(-18).
-6
Let c(q) = -13*q**2 + 3*q + 3. Determine c(-2).
-55
Let l(b) = b**3 + 9*b**2 + 4*b - 10. Determine l(-8).
22
Let p(z) = z**2 + 4*z - 1. What is p(-2)?
-5
Let p(s) = -s**3 - 11*s**2 + 21*s - 16. Determine p(-13).
49
Let i(f) = -f**3 - 19*f**2 + f + 1. Give i(-19).
-18
Let t(i) = -i**3 - 6*i**2 - i - 13. Determine t(-6).
-7
Let n(y) = -y - 3. Give n(6).
-9
Let q(o) = -7*o - 7. Give q(-3).
14
Let w(t) = t**3 - 3*t**2 - 24*t - 1. What is w(7)?
27
Let x(d) = -15*d - 50. Calculate x(-4).
10
Let p(b) = 46*b + 126. Determine p(-4).
-58
Let h(i) = -2*i**3 + 2*i**2 + 2*i + 7. Give h(3).
-23
Let q(n) = 3*n**3 - 2*n + 3. Give q(2).
23
Let b(z) = -2*z - 15. What is b(-15)?
15
Let u(j) = -5*j - 32. Determine u(-5).
-7
Let s(m) = -m**2 - 21*m - 47. Give s(-19).
-9
Let o(g) = -g**3 - 51*g**2 + 49*g - 153. What is o(-52)?
3
Let z(x) = -5*x + 26. Determine z(10).
-24
Let i(v) = v**3 - 3*v**2 - 4*v + 5. Determine i(3).
-7
Let p(c) = -c**2 - 37*c - 160. Determine p(-32).
0
Let k(b) = b**2 - 11*b + 10. Determine k(1).
0
Let y(x) = 5*x - 185. Determine y(37).
0
Let h(c) = c**2 + 5*c - 5. Calculate h(-6).
1
Let i(x) = -127*x**2 + 5*x - 4. What is i(1)?
-126
Let t(b) = -b**3 - 15*b**2 - 15*b - 14. Calculate t(-14).
0
Let x(z) = -z**3 + 16*z**2 - 37*z + 326. What is x(15)?
-4
Let n(f) = -5*f**2 + 2*f - 2. Give n(-3).
-53
Let s(b) = 77*b**2 - b - 2. Determine s(-1).
76
Let n(v) = v**3 + v**2 + 3*v - 2. Calculate n(2).
16
Let q(d) = -4*d + 4. Give q(3).
-8
Let x(a) = -4*a**2 - 3*a - 4. Give x(-2).
-14
Let g(m) = 3*m + 14. Give g(-6).
-4
Let u(i) = -i + 27. What is u(13)?
14
Let k(q) = -11*q + 69. Calculate k(6).
3
Let r(g) = g**3 - 7*g**2 + 3*g + 16. What is r(6)?
-2
Let b(q) = q**2 - 3*q - 23. Give b(7).
5
Let a(q) = -9*q + 300. What is a(33)?
3
Let u(o) = -o**3 - o**2. Calculate u(-1).
0
Let m(x) = 11*x - 163. What is m(13)?
-20
Let j(k) = k**3 - 3*k**2 + k - 6. Calculate j(3).
-3
Let j(d) = d - 10. Determine j(22).
12
Let n(l) = l**3 + 2*l**2 - l + 21. What is n(0)?
21
Let b(r) = 78*r**2 - 312*r + 1. Give b(4).
1
Let g(v) = -v**3 + 18*v**2 + 20*v - 2. Determine g(19).
17
Let w(z) = -5*z - 11. Calculate w(-7).
24
Let g(z) = z**2 - 8*z - 11. Calculate g(-4).
37
Let u(z) = -4*z**2 + 7*z - 14. Determine u(4).
-50
Let x(t) = -t**3 + 5*t - 1. Determine x(4).
-45
Let t(p) = 74*p - 364. Determine t(5).
6
Let i(n) = n**2 + n - 3. Calculate i(-4).
9
Let n(q) = -q**3 - 10*q**2 + 10*q - 17. Determine n(-11).
-6
Let u(r) = -51*r - 81. Determine u(-2).
21
Let z(x) = x**2 - 7*x - 2. Calculate z(7).
-2
Let n(u) = u**2 - 7*u + 5. Calculate n(5).
-5
Let m(v) = -v + 15. What is m(-4)?
19
Let s(z) = 2*z + 25. What is s(-12)?
1
Let o(a) = -a**2 + 23*a - 31. Give o(21).
11
Let m(q) = -4*q**2 + 6*q - 4. Calculate m(4).
-44
Let v(m) = -2*m**2 + 50*m - 6. What is v(25)?
-6
Let m(s) = s**2 - 18*s + 46. Determine m(4).
-10
Let z(o) = o**2 + 15*o - 23. Give z(2).
11
Let v(j) = -j**3 + 12*j**2 + 6*j - 10. What is v(12)?
62
Let i(s) = -2*s**2 + 2*s + 9. Determine i(4).
-15
Let v(n) = -n**2 - 3*n + 3. Give v(-6).
-15
Let x(z) = -z**3 + 5*z**2 + 7*z - 15. Give x(6).
-9
Let q(v) = -v**2 - 6*v - 6. What is q(-5)?
-1
Let j(p) = -37*p - 276. What is j(-8)?
20
Let q(n) = -n**3 + 5*n**2 - 5. Determine q(4).
11
Let m(y) = 28*y**2 - 2*y + 1. Give m(1).
27
Let r(q) = -q**3 - 10*q**2 - 5*q + 9. Give r(-10).
59
Let l(u) = -7*u - 23. Give l(-6).
19
Let q(v) = -v**3 + 5*v**2 + 5*v + 7. Determine q(6).
1
Let j(i) = i**3 + 8*i**2 + 7*i + 3. Calculate j(-7).
3
Let p(b) = 51*b + 155. Determine p(-3).
2
Let d(o) = o**2 - 16*o - 381. Determine d(-13).
-4
Let l(g) = 28*g - 7. Give l(-3).
-91
Let n(r) = 6*r - 19. Calculate n(3).
-1
Let g(y) = -9*y**2 + 280*y - 38. Calculate g(31).
-7
Let p(t) = -17*t + 9. Determine p(3).
-42
Let v(z) = z**3 - 27*z**2 - 2*z + 2. Calculate v(27).
-52
Let r(c) = -c**3 + 13*c**2 + 28*c + 11. Determine r(15).
-19
Let j(l) = -l**3 + 8*l**2 + 10*l - 13. Give j(9).
-4
Let w(y) = -58*y**2 + 2*y + 1. What is w(-1)?
-59
Let c(t) = 8*t + 325. Determine c(-40).
5
Let f(j) = 12*j + 145. Give f(-12).
1
Let d(y) = -5*y - 27. What is d(-6)?
3
Let o(w) = w**3 + 13*w**2 + 13*w + 6. What is o(-12)?
-6
Let a(u) = -u**2 - 13*u - 15. Give a(-11).
7
Let t(u) = -2*u - 12. Calculate t(3).
-18
Let u(z) = -130*z - 1299. Give u(-10).
1
Let d(q) = 2*q**2 - 28*q + 26. Calculate d(12).
-22
Let i(k) = 2*k + 4. Determine i(-3).
-2
Let l(x) = -x**2 + 258*x + 2123. Determine l(-8).
-5
Let y(i) = -5*i - 60. Determine y(-14).
10
Let b(r) = 2*r - 16. What is b(-13)?
-42
Let s(x) = -55*x - 2. Give s(-1).
53
Let k(y) = -2*y**2 - 26*y. Calculate k(-13).
0
Let t(r) = 18*r + 1. What is t(-1)?
-17
Let l(w) = 4*w + 47. Give l(-13).
-5
Let x(i) = -i**2 - 2*i + 19. What is x(-8)?
-29
Let y(w) = w**3 + 20*w**2 - 69*w + 51. Give y(-23).
51
Let o(f) = -2*f**3 - 32*f**2 - 2*f - 23. Determine o(-16).
9
Let g(w) = -58*w + 699. Give g(12).
3
Let c(o) = o**3 - 10*o**2 + 25*o - 26. What is c(7)?
2
Let t(y) = -y**3 + 13*y**2 + 15*y - 16. Calculate t(14).
-2
Let v(w) = -w**3 - 3*w**2 + w - 2. Give v(-3).
-5
Let k(q) = q**3 - 15*q**2 + 15*q - 11. What is k(14)?
3
Let w(h) = h**3 + 6*h**2 - 4*h - 9. What is w(-6)?
15
Let b(k) = -k**3 + 4*k**2 + 4*k + 7. What is b(5)?
2
Let t(b) = -b**2 + 4*b + 45. Determine t(8).
13
Let k(r) = -r - 2. What is k(-7)?
5
Let t(s) = s**2 - 10. What is t(3)?
-1
Let i(k) = -2*k**2 - 3*k + 26. Give i(-6).
-28
Let n(b) = -b**3 - 12*b**2 + 19*b + 23. Calculate n(-13).
-55
Let y(o) = -o**2 - 25*o - 99. Give y(-20).
1
Let h(k) = -k**3 + 7*k**2 - 2*k + 2. Determine h(7).
-12
Let m(f) = -2*f**3 - 19*f**2 + 4*f + 3. What is m(-9)?
